10?
5
What is the thousands digit of 286257?
6
What is the tens digit of 1412161?
6
What is the thousands digit of 688226?
8
What is the tens digit of 136042?
4
What is the hundred thousands digit of 776863?
7
What is the hundred thousands digit of 369393?
3
What is the thousands digit of 776143?
6
What is the ten thousands digit of 2824643?
2
What is the tens digit of 1967192?
9
What is the ten thousands digit of 7146422?
4
What is the ten thousands digit of 3124529?
2
What is the hundred thousands digit of 2722715?
7
What is the tens digit of 4059616?
1
What is the ten thousands digit of 206104?
0
What is the hundreds digit of 558933?
9
What is the hundred thousands digit of 1837973?
8
What is the units digit of 14428756?
6
What is the units digit of 1252003?
3
What is the tens digit of 747759?
5
What is the units digit of 1285482?
2
What is the thousands digit of 3422328?
2
What is the tens digit of 4665610?
1
What is the ten thousands digit of 15498198?
9
What is the hundreds digit of 848207?
2
What is the thousands digit of 8771715?
1
What is the thousands digit of 4778177?
8
What is the units digit of 5398?
8
What is the tens digit of 27602?
0
What is the units digit of 1068364?
4
What is the tens digit of 2764026?
2
What is the hundreds digit of 3703584?
5
What is the thousands digit of 132428?
2
What is the units digit of 43746262?
2
What is the ten thousands digit of 230582?
3
What is the tens digit of 2234?
3
What is the hundred thousands digit of 10704028?
7
What is the ten thousands digit of 1755829?
5
What is the hundreds digit of 281130?
1
What is the hundreds digit of 646555?
5
What is the ten thousands digit of 33027933?
2
What is the hundred thousands digit of 10378259?
3
What is the units digit of 1711209?
9
What is the tens digit of 2748088?
8
What is the tens digit of 130446?
4
What is the thousands digit of 5874931?
4
What is the units digit of 346601?
1
What is the units digit of 117328?
8
What is the thousands digit of 3876791?
6
What is the thousands digit of 2318806?
8
What is the hundreds digit of 120168?
1
What is the ten thousands digit of 977189?
7
What is the units digit of 449164?
4
What is the thousands digit of 820796?
0
What is the hundred thousands digit of 111460?
1
What is the thousands digit of 7955474?
5
What is the ten thousands digit of 1168675?
6
What is the units digit of 6932631?
1
What is the tens digit of 688606?
0
What is the hundreds digit of 6770138?
1
What is the thousands digit of 274488?
4
What is the ten thousands digit of 1915322?
1
What is the units digit of 9572739?
9
What is the tens digit of 1036145?
4
What is the millions digit of 4291370?
4
What is the tens digit of 11167637?
3
What is the hundreds digit of 646248?
2
What is the hundred thousands digit of 2004056?
0
What is the hundreds digit of 452603?
6
What is the hundred thousands digit of 23960950?
9
What is the hundreds digit of 149919?
9
What is the ten thousands digit of 802466?
0
What is the thousands digit of 341175?
1
What is the units digit of 1390022?
2
What is the tens digit of 114377?
7
What is the ten thousands digit of 437394?
3
What is the millions digit of 2158009?
2
What is the hundred thousands digit of 262322?
2
What is the thousands digit of 26310667?
0
What is the thousands digit of 766661?
6
What is the units digit of 154989?
9
What is the tens digit of 238768?
6
What is the ten millions digit of 25309702?
2
What is the hundred thousands digit of 269312?
2
What is the hundred thousands digit of 4456926?
4
What is the units digit of 1275957?
7
What is the units digit of 234813?
3
What is the hundreds digit of 93032?
0
What is the thousands digit of 3292455?
2
What is the ten thousands digit of 26723479?
2
What is the hundreds digit of 4502792?
7
What is the hundreds digit of 276102?
1
What is the tens digit of 5868972?
7
What is the ten millions digit of 28651078?
2
What is the tens digit of 17193?
9
What is the thousands digit of 8059601?
9
What is the ten thousands digit of 244203?
4
What is the units digit of 1862998?
8
What is the hundred thousands digit of 2299007?
2
What is the tens digit of 7618435?
3
What is the hundreds digit of 14877?
8
What is the hundreds digit of 621764?
7
What is the thousands digit of 317390?
7
What is the hundreds digit of 12344567?
5
What is the tens digit of 4136839?
3
What is the hundred thousands digit of 20192319?
1
What is the ten millions digit of 21362310?
2
What is the ten thousands digit of 3161370?
6
What is the thousands digit of 311162?
1
What is the hundreds digit of 125369?
3
What is the thousands digit of 13201385?
1
What is the hundred thousands digit of 31125002?
1
What is the units digit of 22485112?
2
What is the ten thousands digit of 6725445?
2
What is the units digit of 1356300?
0
What is the hundred thousands digit of 356302?
3
What is the tens digit of 3471074?
7
What is the ten thousands digit of 8354589?
5
What is the hundreds digit of 1379216?
2
What is the tens digit of 7416?
1
What is the ten thousands digit of 339687?
3
What is the thousands digit of 95608?
5
What is the thousands digit of 205522?
5
What is the hundred thousands digit of 2262607?
2
What is the hundred thousands digit of 219038?
2
What is the tens digit of 93244?
4
What is the hundred thousands digit of 635607?
6
What is the tens digit of 231947?
4
What is the thousands digit of 98392?
8
What is the hundreds digit of 416720?
7
What is the millions digit of 3659253?
3
What is the ten millions digit of 12860391?
1
What is the hundreds digit of 2077936?
9
What is the thousands digit of 493308?
3
What is the units digit of 169220?
0
What is the ten thousands digit of 571374?
7
What is the thousands digit of 50179?
0
What is the thousands digit of 970203?
0
What is the tens digit of 724492?
9
What is the tens digit of 5994081?
8
What is the units digit of 9551927?
7
What is the hundreds digit of 2500?
5
What is the hundred thousands digit of 312377?
3
What is the ten thousands digit of 1853329?
5
What is the ten millions digit of 35446497?
3
What is the hundred thousands digit of 328378?
3
What is the tens digit of 5263617?
1
What is the hundreds digit of 499200?
2
What is the tens digit of 289946?
4
What is the hundreds digit of 234154?
1
What is the millions digit of 4976833?
4
What is the hundred thousands digit of 609737?
6
What is the millions digit of 11383097?
1
What is the hundreds digit of 20272?
2
What is the ten thousands digit of 3915814?
1
What is the hundred thousands digit of 9977304?
9
What is the units digit of 3285729?
9
What is the hundred thousands digit of 268584?
2
What is the ten thousands digit of 13207904?
0
What is the ten thousands digit of 1819109?
1
What is the units digit of 215661?
1
What is the hundreds digit of 2453471?
4
What is the units digit of 20951448?
8
What is the ten thousands digit of 488107?
8
What is the hundreds digit of 443285?
2
What is the millions digit of 26617347?
6
What is the hundred thousands digit of 1384753?
3
What is the hundred thousands digit of 29028737?
0
What is the tens digit of 458121?
2
What is the thousands digit of 78567?
8
What is the tens digit of 1997346?
4
What is the hundreds digit of 281840?
8
What is the units digit of 416560?
0
What is the thousands digit of 64206?
4
What is the thousands digit of 1250763?
0
What is the tens digit of 8523818?
1
What is the hundred thousands digit of 2728250?
7
What is the thousands digit of 5734408?
4
What is the ten thousands digit of 61656?
6
What is the hundreds digit of 5776368?
3
What is the thousands digit of 958410?
8
What is the millions digit of 2407278?
2
What is the thousands digit of 3712616?
2
What is the units digit of 5080?
0
What is the units digit of 480248?
8
What is the hundreds digit of 4138158?
1
What is the hundreds digit of 294007?
0
What is the millions digit of 2600948?
2
What is the hundreds digit of 1917605?
6
What is the units digit of 125399?
9
What is the hundreds digit of 314889?
8
What is the tens digit of 5458655?
5
What is the hundreds digit of 160331?
3
What is the units digit of 369665?
5
What is the ten thousands digit of 18701232?
0
What is the ten thousands digit of 821657?
2
What is the millions digit of 1146449?
1
What is the millions